be -6 + 50 + 1/1. Let r = b - 23. Is r a composite number?
True
Is 36/(-198) + 4567/11 a composite number?
True
Let p be ((-1)/(-2))/(5/(-1740)). Is (-2)/(-1 - p/178) a composite number?
False
Let z(w) = w**3 - w**2 + 479. Is z(0) a prime number?
True
Let o(q) = q + 7. Let b be o(-8). Let v be b + 1 - (-1 - 1). Suppose x + 9 = -2*x, w - 53 = -v*x. Is w a composite number?
False
Let j(a) = a**2 - 5*a + 7. Let p be j(7). Suppose -v + 86 = p. Is v a composite number?
True
Let s = 7 + -7. Let n(k) = k**2 + 695. Is n(s) prime?
False
Let f = 223 + 0. Is f prime?
True
Let l(p) be the first derivative of -9*p**2/2 - p - 4. Let m = 0 - 4. Is l(m) prime?
False
Let i = -20 - -11. Is (-2)/i + 1490/18 a composite number?
False
Let c(l) = -2 + 1 + 4*l - 2*l + 4*l**2. Let b = 5 - 7. Is c(b) composite?
False
Suppose -2*c = -3*j + 11801, 4*c - 4335 - 3543 = -2*j. Is j a composite number?
True
Let t(q) = -26*q**3 + 4*q**2 + 4*q - 3. Is t(-4) a composite number?
False
Let c(m) = 2*m - 3. Let v(x) = x**2 + 3*x - 1. Let l be v(-4). Is c(l) composite?
False
Suppose 2 + 2 = p. Suppose 0 = p*n - 2*n - 254. Is n prime?
True
Suppose -1 = -5*z + 4. Suppose -f = -2*l - 3, 5*f + z = l + 16. Suppose 2*x + l*x = 38. Is x a composite number?
False
Suppose 2*u - 21 = 227. Let i(q) = q**2 - 14*q - 10. Let s be i(15). Let t = u - s. Is t prime?
False
Let c(d) = -d**2 - 7*d - 7. Let f be c(8). Let r(p) = 14*p**2 - 5*p. Let u be r(4). Let n = u + f. Is n a composite number?
True
Let m be (-474)/(3 + 51/(-15)). Is m/13 - (-10)/(-65) prime?
False
Let u(w) = 2*w**2 + 7*w + 2. Suppose -4*k - 4 = -16, -h + 4*k = 7. Is u(h) prime?
False
Suppose -54 = -2*l + 844. Is l prime?
True
Let v be 58*(1 + 3/(-6)). Suppose -5*h = -6*h + v. Let n = h - -98. Is n a composite number?
False
Suppose -4*b = -5*o + 2355, -1883 = -6*o + 2*o + 3*b. Is o prime?
True
Suppose 0 = 3*q - 44 - 19. Let s = 15 - q. Let w = 16 + s. Is w composite?
True
Is (34/16*6)/((-4)/(-16)) composite?
True
Let s = 8 - 4. Suppose -s*p = -2*r - 288, 5*p - r - r = 360. Is p/5 - 14/35 composite?
True
Suppose 5*i = 5*k + 550, -i + 16 = k - 102. Let o = i - 81. Is o a composite number?
True
Let x = 5 - 8. Let g be ((-1302)/(-4))/(x/(-4)). Suppose 4*n + 167 = b + g, 4*n = 5*b + 263. Is n a prime number?
True
Suppose 12 = 7*h - 3*h. Suppose 5*b = -3*r - 25, b + r + 13 = -h*b. Is 0 - 0 - 254/b composite?
False
Suppose -1456 = -2*k - 4*d, -6*k + 2*k = -5*d - 2847. Is k prime?
False
Let t(s) = 2*s**2 - 2*s - 5. Suppose 0 = 2*k - u - 28, -2*u - 2*u - 40 = -2*k. Suppose 4*m - 4 = k. Is t(m) a composite number?
False
Suppose -2*k = 2 - 12. Let v = 6 - 11. Let h = k - v. Is h composite?
True
Suppose -2*k - d + 12 = 0, -k + 5*k + d = 22. Suppose 153 - 568 = -k*r. Is r prime?
True
Let j(g) = 2*g. Let p be j(1). Suppose 3*b - 5*t - 32 = 0, 13 + 40 = p*b + 3*t. Is b a prime number?
True
Is ((4 - 2) + -2)/(-1) + 271 composite?
False
Let p(g) = 74*g**2 + g - 1. Is p(-2) a composite number?
False
Let h = -2378 + 3631. Is h composite?
True
Suppose 4*o = 3*m + 3148, -3*o + 771 = -2*m - 1590. Is o a composite number?
False
Suppose 2*p = 0, 2*r = -p - p + 710. Is r composite?
True
Let g be (3 - 4)*(-770 - 1). Suppose -g = -0*t - 3*t. Is t a composite number?
False
Suppose -3*n = -5*n + 348. Suppose 0 = -y - y + n. Is y a prime number?
False
Let p be (-11)/(-3) - 4/(-3). Suppose -250 = -2*y + 4*x + 216, 5*x = p*y - 1140. Is y composite?
False
Suppose 3*p = p - 6. Let y = -3 - p. Suppose l + y*l = 7. Is l a composite number?
False
Suppose 5*l + 7 = 17. Let j(z) = 3*z + 29. Let p be j(-8). Suppose -p*m + 3*h + 180 = -2*h, 67 = l*m + 3*h. Is m a prime number?
False
Suppose 0 = -5*y - 94 + 9. Let a = y - -114. Is a a prime number?
True
Suppose 0 = -4*n + 275 + 489. Is n prime?
True
Suppose u = 3*z - 10, -4*z = -u + z. Let q = u + 79. Suppose 4*h + 2 - q = 0. Is h composite?
False
Suppose 5*z + 15 = -3*o + 167, -4*o + 201 = 5*z. Is o composite?
True
Suppose 2*r = 798 + 104. Is r composite?
True
Is ((-7)/(-2))/((-4)/(-344)) composite?
True
Let r(l) = 32*l**2 + 4*l - 37. Is r(7) a composite number?
False
Let i(y) be the third derivative of y**6/60 + y**4/8 + y**3/6 + 3*y**2. Is i(4) a prime number?
False
Let i(c) = -4*c - 4. Let t be i(-3). Let p = -4 + t. Suppose 0 = l - p*l + 30. Is l a composite number?
True
Let o = -98 + 167. Is o a prime number?
False
Let i(g) = -13*g**3 - 3*g**2 - 4*g - 13. Is i(-4) a prime number?
True
Let o = -89 + 252. Is o a composite number?
False
Suppose -159 - 476 = -d. Is d composite?
True
Suppose -5*s = 1875 - 7550. Is s a prime number?
False
Is 4722/30 - (-2)/(-5) composite?
False
Let h = -6 + 6. Let d(t) = t**2 - t + 47. Is d(h) prime?
True
Is -3 - (-2 + -3270 + 3 + -5) a composite number?
False
Suppose -8*w = -3*w - 415. Is w a prime number?
True
Let c(i) = 7*i + 0*i**3 + 0*i**3 - 2*i**3 + 8*i**2 + 9 + i**3. Is c(8) a composite number?
True
Let p = -26 + 22. Let a(f) = f**3 + 5*f**2 - 6*f. Let i be a(-6). Is i + p/(-2) + 17 a prime number?
True
Let q(f) = -4*f**3 + 2*f**2 + 2*f. Let a(k) = -8*k**3 + 5*k**2 + 4*k. Let x(c) = -3*a(c) + 7*q(c). Is x(-3) a prime number?
False
Suppose 0 = 7*q - 2*q - 2825. Suppose -4*b + q + 87 = 0. Is b a composite number?
False
Suppose -5*b = 5*j + 45, -2*b + 24 = -7*b + 2*j. Let v(u) = -14*u - 2. Let h be v(b). Let a = -45 + h. Is a composite?
False
Let y = 4 + -4. Let o be -47*1 + y - -1. Let u = -11 - o. Is u composite?
True
Let k be (-4035)/(-60) - (-1)/(-4). Suppose -75 = -2*n - 2*o + k, -2*n - 3*o = -139. Is n a composite number?
True
Suppose -4*b + 4*n + 3340 = 0, -3*n + 490 + 2843 = 4*b. Suppose -3*m + b = -m. Is m a prime number?
False
Suppose 0 = -4*q + q - 3*i + 1065, -2*q + i = -710. Is q a composite number?
True
Suppose -2056 = -4*a - v + 6*v, 0 = -2*a - 2*v + 1010. Is a composite?
False
Suppose q - 3*l = -2*q + 6, q - 10 = -3*l. Suppose 0 = 5*i - i + q. Is ((-1)/(-2))/(i/(-254)) a prime number?
True
Suppose 685 = -10*j + 11*j. Is j composite?
True
Suppose -p = -10*p + 7173. Is p a composite number?
False
Let l = 4 + -3. Let i be (-1 - -2) + 167 + l. Suppose 5*f = 4*t + 411, -i - 64 = -3*f - t. Is f composite?
False
Let t = 10 - 5. Suppose q + 268 = t*q. Is q prime?
True
Let r be 0/(-3) + 130/2. Suppose -2*s + r = -31. Let i = 113 - s. Is i composite?
True
Let r = -2 - -3. Let y = r - 1. Is -2 + y + 58 + -1 composite?
True
Suppose 2*b - 64 - 28 = 0. Is b prime?
False
Let d = -189 + 608. Is d composite?
False
Let l(o) = -6*o - 1. Let n be l(-3). Let b(i) = i**2 - i + 16. Let z be b(0). Suppose 3*k - 129 = 4*m, k + 2*m - n = z. Is k a composite number?
True
Let g(y) be the second derivative of -y**3/6 + 37*y**2/2 - y. Let h = -150 + 150. Is g(h) a prime number?
True
Suppose 12 + 9 = 3*q. Let h = q - 5. Suppose -2*l + 4*d = -62, h*l + 26 = 4*l + 5*d. Is l a prime number?
True
Suppose -2*m + 16 = -334. Suppose 0*c - 5*c = -m. Is c a prime number?
False
Let u(l) be the first derivative of l**2 - 18*l + 4. Is u(14) composite?
True
Suppose -2*h = 4*d + 20, 0*h - 3*d - 15 = -5*h. Suppose h = -4*a + 3*g + 13, -a - g = -0*g - 5. Is (11/(-2))/((-2)/a) prime?
True
Suppose b + 2*c + 177 = 0, 2*c = 1 + 1. Let o = -120 - b. Is o prime?
True
Let b(g) = 6*g**2 - 6*g - 2. Is b(-5) prime?
False
Suppose -3*l = 2*l - 175. Let c = -14 + l. Is c composite?
True
Is (-4 - -6)/(-2)*-769 prime?
True
Suppose 0 = -3*h + 70 + 14. Let c = h + 9. Is c a prime number?
True
Let p = 111 + 92. Is p composite?
True
Suppose -5*n = -4*u - 8, u - 3*u = -3*n + 6. Let s(d) = -4 + 8*d - u + d**2 - 4. Is s(-11) a prime number?
False
Let k = 106 - 37. Is k a prime number?
False
Suppose -5*z + 0*z = -1465. Is z a prime number?
True
Let m be 24/15 + (-2)/(-5). Is (m/2)/(3/255) prime?
False
Suppose 0 = 4*t - 2*b + 12, 3 + 1 = -3*t - b. Let o(f) = 55*f**2 - f + 1. Is o(t) a composite number?
False
Let u(d) = -13*d**3 + 5*d**2 + d - 9. Is u(-4) a composite number?
True
Let p = 0 + -8. Let d = p + 0. Is (262/d)/(2/(-8)) a composite number?
False
Let z be 1 - 4 - (-121)/(-11). Let a = z - -29. Is a prime?
False
Let n(s) = -634*s - 2. Let q be n(-3). Suppose 4*w - 840 - q = 0. Is w a prime number?
False
Let u(m) = -3*m**3 - 3*m**2 - 3*m. Let z be u(3). Let n be 2*-1 + z/(-3). Let r = -14 + n. Is r a composite number?
False
Is ((-